 20 + 25 = -3*n. What is the remainder when 15 is divided by l(n)?
3
Let y(i) = 14*i - 5. Let u = 21 + -19. Calculate the remainder when -1 + 1/(-1) - -91 is divided by y(u).
20
Let q = -19 + 25. Suppose -3*j = -q - 309. What is the remainder when j is divided by 36?
33
Let b(x) = 9*x - 2. Let s be b(-13). What is the remainder when 528/14 + (-34)/s is divided by 14?
10
Let a(v) = -2*v - 2. Let y be a(-2). Suppose -4*w = -6 - 6, 94 = 4*o - y*w. Let l(t) = 4*t**2 + 3*t + 3. What is the remainder when o is divided by l(-2)?
12
Let y = -117 - -156. What is the remainder when 89 is divided by y?
11
Suppose -4*l + 267 = 35. Let r = -16 + l. What is the remainder when 11 is divided by (72/r)/(2/7)?
5
Let m(a) = -a**3 - 7*a**2 + 8*a + 7. Let l = -34 - -52. Let h = -26 + l. Calculate the remainder when 19 is divided by m(h).
5
Let k = 5 - 1. Suppose k*v - 4*d + 16 = 0, -d + 1 + 7 = 3*v. Suppose 3*s - v = 17. What is the remainder when 16 is divided by s?
4
Let k = -744 - -1143. Calculate the remainder when k is divided by 20.
19
Suppose 0 = 4*u - 2*i - 24, 24*u - 28*u + 12 = i. What is the remainder when 106 is divided by u?
2
Let n be 3*(-2 - (-16 + 1)). Let z = 75 - n. What is the remainder when z is divided by 12 + 14*1/2?
17
Let i be (-2)/(-1 - (-15)/9). Let d = 8 + i. Calculate the remainder when d is divided by (117/(-18) - -7) + (-14)/(-4).
1
Suppose 0 = -4*n + 7*n - 78. What is the remainder when 146 is divided by n?
16
Let v(g) = 8*g**2 - 10*g + 30. Let r(h) = 9*h - 15. Calculate the remainder when v(4) is divided by r(5).
28
Let o = 18 + 0. Let l = 8 + o. Let a(i) = 75*i + 232. What is the remainder when l is divided by a(-3)?
5
Suppose -2*k - 2*i - 2 = 0, -3*k + k + 2*i = -14. Suppose 4 = 2*b - 4. Calculate the remainder when 1/((-8 + b)/(-20)) is divided by k.
2
Let q = -4 + 6. Suppose q*t + 168 = 6*t. Suppose 5*p + 12 = 2*f - f, -5*p + t = f. Calculate the remainder when f is divided by 15.
12
Suppose -r - 50 = -6*r + 5*q, -q - 5 = 0. Suppose 0 = c - 1 + 5. Let n = c + 17. Calculate the remainder when n is divided by r.
3
Let i(d) = -6*d - 45. Suppose -5*a = -2*a + 2*w - 109, 2*a = 4*w + 62. What is the remainder when i(-19) is divided by a?
34
Let w(b) = -13*b**3 + 2*b + 1. Suppose 73 = 3*j - 47. Suppose -y + 18 = 3*k, -3*y + 3*k + 74 = -j. What is the remainder when y is divided by w(-1)?
9
Let o(w) = w**2 + 6*w - 6. Let b be o(-10). Suppose b + 71 = 5*g. Calculate the remainder when 7/3 + 14/g is divided by 2.
1
Let l(j) = j**3 - j. Let w(v) = 7*v**3 + 8*v**2 - v + 4. Let d(b) = -6*l(b) + w(b). What is the remainder when 53 is divided by d(-7)?
17
What is the remainder when 75 - -96 - (-9 + 1) is divided by 49?
32
Let c(g) = -6*g**2 + 9*g + 4. Let d(v) = -v**2 + v - 1. Let l(h) = -c(h) + 3*d(h). Let r = -173 + 272. What is the remainder when r is divided by l(-2)?
14
Let g = 30 + -34. Let y = g - -15. Let u = 19 - -13. What is the remainder when u is divided by y?
10
Let w be 2/2 + (-15 - -19). Calculate the remainder when 14 is divided by (-2 - -10)/(-4 + w).
6
Let f(g) = -2*g - 23. Let o be f(-11). Let n(a) = 4*a**2 + a. Let j be n(o). What is the remainder when j - 1 - (-2 + -69) is divided by 15?
13
Let a = -6 - -7. Let z = 112 + -93. What is the remainder when z is divided by a*(2 + 3/1)?
4
Suppose 0 = -4*h - 0*h + 12. Suppose a - 1 = 5. Suppose -5*l = -36 + a. Calculate the remainder when l is divided by h.
0
Let t = -213 - -310. Calculate the remainder when t is divided by 38.
21
Let g(b) = b + 50. Suppose -4*f + 0*f = 0. Suppose 2*w = -f*w. What is the remainder when g(w) is divided by 26?
24
Let j be ((-48)/20)/((-6)/100). Let w = j + -28. Let d(h) = h + 21. Calculate the remainder when d(0) is divided by w.
9
Let q be (0/(-2))/((-3)/(-1)). Suppose 4*s = q, 0 = -4*h - h - 2*s + 15. Let x = -4 + 7. Calculate the remainder when h is divided by x.
0
Let a(i) = i**2 + i - 76. Calculate the remainder when 302 is divided by a(10).
30
Let c(w) = -5*w + 1. Let n be (4/12)/((-6)/18). What is the remainder when c(n) is divided by 3?
0
Let m = -49 + 95. Suppose -6*w = -13*w + 14. Suppose w*u + 32 = 3*h, -3*h - 4*u + 36 = -8. Calculate the remainder when m is divided by h.
10
Suppose -2710*b + 2719*b - 1962 = 0. What is the remainder when b is divided by 110?
108
Let b = -11 + 19. Suppose -4*q + b = 3*m + q, 4*q = -20. What is the remainder when 18 is divided by m?
7
Let p = 139 - 125. Calculate the remainder when 24 is divided by p.
10
Suppose 5*z + 16 - 141 = 0. Calculate the remainder when 74 is divided by z.
24
Suppose -2*s + 4 = -3*s. Calculate the remainder when (3 + 1)/(-2) + 73 is divided by (-4 + s + 2)*-3.
17
Suppose -2894*b + 2900*b = 24. Calculate the remainder when 222 is divided by b.
2
Suppose -63*g + 62*g + 188 = 0. Calculate the remainder when g is divided by 38.
36
Suppose 2*v - 2*r - 736 = -v, 2*r + 1228 = 5*v. Let l = v + -127. What is the remainder when l is divided by 30?
29
Suppose 3*w + 0*w = 30. Suppose -5*f + 3*f - h + 17 = 0, 39 = 5*f - h. Suppose 4*r = 84 - f. What is the remainder when r is divided by w?
9
Let g(a) = -58*a**3 - a**2 - 2*a + 2. Let k be g(1). Let s = k + 71. Calculate the remainder when 47 is divided by s.
11
Calculate the remainder when 256/108*33 - 2/9 is divided by -2*(-1)/(-2)*-27.
24
Let r(n) = -n**2 - 8*n - 6. What is the remainder when 19 is divided by r(-6)?
1
Let c = 163 - -308. Suppose 0 = -14*t + 15*t - c. Calculate the remainder when t/9 - 1/3 is divided by 18.
16
Suppose 5*i + 3*a - 2 = 17, -i + 13 = -4*a. Suppose g = -4*g - 3*m + 90, 85 = i*g + 4*m. Calculate the remainder when 59 is divided by g.
17
Let h be (4/(-6))/(1/(-57)). Suppose 170 = h*c - 33*c. What is the remainder when c is divided by 18?
16
Let b = 29 + -16. What is the remainder when 101 is divided by b?
10
Let x(u) = 11*u - 17. Let w(f) = 10*f - 17. Let y(j) = 5*w(j) - 4*x(j). Let q = -9 + 23. What is the remainder when y(7) is divided by q?
11
Let s(o) = 2*o**2 - 10*o + 30. What is the remainder when s(7) is divided by (1 - 6)*3/(-1)?
13
Let n(q) be the third derivative of q**4/24 + 13*q**3/3 - 5*q**2. Calculate the remainder when n(13) is divided by 10.
9
Suppose -2 = -l - 2*o, 2 = l + 2*l + 2*o. Calculate the remainder when 16 is divided by l + 1 + (-9 - -19).
5
Suppose -3*w + 115 = 7. What is the remainder when -61*(-18)/6 - 5 is divided by w?
34
Suppose -4*k - 69 = -5*i, -61 = 3*k - 3*i - 10. Let n = k - -20. Calculate the remainder when 12 is divided by n.
0
Let d(h) = 3*h**2 + 6*h + 3. Let g be d(-2). Suppose 81 = g*a - 0. What is the remainder when 53 is divided by a?
26
Suppose -4*q + 17 - 21 = 0, q = -4*c + 615. Calculate the remainder when c is divided by 78.
76
Let r = 40 - -62. Calculate the remainder when r is divided by 54.
48
Let t = -9 - -16. Let f = t - 3. What is the remainder when 102 is divided by 2/f*312/6?
24
Let d(o) = 11*o**2 + 5*o - 9. Calculate the remainder when d(2) is divided by 20.
5
Suppose 0 = -g - 4*g + 15. What is the remainder when 16 + -2 + g - (-15 - -12) is divided by 6?
2
Let r(q) = 11*q**2 + 5*q + 3. Calculate the remainder when r(-3) is divided by 11.
10
Let p = -5 - -7. Let f(x) = -x**2 - 16*x - 16. Let d be f(-14). Let y = p + d. Calculate the remainder when 38 is divided by y.
10
Suppose -3*d + 12 = -0*d. Let i(n) = -n**2 - 12*n - 8. What is the remainder when i(-6) is divided by d - ((-35)/(-10))/7*-8?
4
Let b = -371 + 545. Calculate the remainder when b is divided by 45.
39
Let w(q) = 15*q + 56. What is the remainder when 109 is divided by w(0)?
53
Suppose 0 = 2*h + 2*h - 68. Calculate the remainder when 24 is divided by h.
7
Let r(m) = -2*m**2 + 15*m - 16. Let c be r(6). Suppose 0 = d + 3*a - 16, -c*d + 21 = 3*a - 11. What is the remainder when 92 is divided by d?
12
Let w(u) = -46*u - 403. Calculate the remainder when w(-9) is divided by 7.
4
Let z = 87 + -62. Calculate the remainder when 47 is divided by z/(-2)*(56/10)/(-7).
7
Suppose 2*u = 4*p - 184, p + 15*u - 43 = 17*u. What is the remainder when 796 is divided by p?
44
Let w = 17 - -2. Calculate the remainder when 2/(((-96)/(-330))/8) is divided by w.
17
Let p(c) = c**2 - 5. Let m be (3 - 4)/(-4 + 5). Let t(j) = 3*j**2 - j - 1. Calculate the remainder when p(4) is divided by t(m).
2
Let n(c) = 2*c**3 + 8*c**